s -21260 + -1334?
-22604
In base 2, what is -11111001111100101011100001111 + -101?
-11111001111100101011100010100
In base 9, what is 1570 - 3861?
-2281
In base 12, what is 7b7051 - b?
7b7042
In base 4, what is -113321301130 - 2113?
-113321303303
In base 2, what is 1111110001111 - 110001110?
1111000000001
In base 16, what is 9 - -c238e3?
c238ec
In base 4, what is -3323003102223 + -10?
-3323003102233
In base 14, what is 2b5 - 12cbb0?
-12c8d9
In base 16, what is 4 + -4ad5d5?
-4ad5d1
In base 8, what is -1 - -13365351?
13365350
In base 13, what is 315c3 - 7?
315b9
In base 4, what is 203 + 20323111213?
20323112022
In base 12, what is -5 - 24777b48?
-24777b51
In base 14, what is -5 - -14a8061?
14a805a
In base 16, what is 5 - 75d0d10?
-75d0d0b
In base 2, what is -11101100001 + -10000100111?
-101110001000
In base 13, what is c - -10086209?
10086218
In base 2, what is -101001 - -11011001100001011100?
11011001100000110011
In base 3, what is 220212 - -121021112021?
121022110010
In base 13, what is 22 - 1647a82?
-1647a60
In base 3, what is 11222 - -21001222011220?
21001222100212
In base 13, what is -60c05c75 + 2?
-60c05c73
In base 4, what is -21233001 - -13320?
-21213021
In base 12, what is -1334a + -19854?
-30ba2
In base 15, what is -823 + ea6?
683
In base 2, what is 11111 + -1000100111110010000010100?
-1000100111110001111110101
In base 3, what is -1221202021111122 - 2?
-1221202021111201
In base 9, what is -75605 - -6?
-75588
In base 3, what is -12 - -10022001101100120?
10022001101100101
In base 2, what is 1001 - 100001100100010000101011?
-100001100100010000100010
In base 12, what is 2 - 1904056b?
-19040569
In base 3, what is -11120211111220000 + 11?
-11120211111212212
In base 13, what is -8086 - 6865?
-1191b
In base 13, what is -c30c044 + -19?
-c30c060
In base 4, what is -32 + -2203013102?
-2203013200
In base 5, what is 2021 - 1003033414?
-1003031343
In base 14, what is -147 + -c0542?
-c0689
In base 9, what is -1544 + 1038?
-505
In base 9, what is 117177 - -1237?
118425
In base 11, what is 551 + 5a8487?
5a8a28
In base 3, what is 120200112 - 1220?
120121122
In base 3, what is 2201102200212221 - -10?
2201102200220001
In base 14, what is 2 - -310238?
31023a
In base 4, what is -22 + 2210211300?
2210211212
In base 4, what is -10 + -22113223010?
-22113223020
In base 2, what is -11 + 101111000011011110011110?
101111000011011110011011
In base 11, what is 2279a + -36a?
22430
In base 12, what is -1b6 - -6756?
6560
In base 4, what is -223323 - 3121110?
-10011033
In base 11, what is 510 - 24032?
-23622
In base 7, what is -13 + 150451153?
150451140
In base 7, what is 16602101 + 345?
16602446
In base 7, what is -1646546234 + -3?
-1646546240
In base 2, what is -100111010001110 - 110010100?
-101000000100010
In base 12, what is 866 - 32ab10?
-32a266
In base 13, what is -755 - -19bb?
1266
In base 15, what is -16 + 3d23c?
3d226
In base 12, what is 0 + 9455b5?
9455b5
In base 15, what is -c + -7636eb?
-763708
In base 16, what is -1196a - -2db?
-1168f
In base 4, what is 0 - 1102120312?
-1102120312
In base 8, what is 2 - -1216715?
1216717
In base 15, what is -18e + 807?
668
In base 15, what is -17 - 555c7?
-555de
In base 8, what is -330220467 - -34?
-330220433
In base 3, what is -10200110002221 + -2121?
-10200110012112
In base 5, what is 102413234212 - 0?
102413234212
In base 3, what is -101211 + -22121221120?
-22122100101
In base 8, what is -175603 - -1173?
-174410
In base 14, what is 40a2c9 - -7?
40a2d2
In base 5, what is -33330044000 + 10?
-33330043440
In base 14, what is 953c4 + -1cb?
951d7
In base 8, what is 6 + 31532405?
31532413
In base 6, what is 12241153 + 5?
12241202
In base 9, what is 523 - 113468?
-112845
In base 15, what is 0 + 2c9da24?
2c9da24
In base 15, what is -1b - d619bb?
-d619d7
In base 11, what is 0 - -27699a8?
27699a8
In base 11, what is 320 + -478?
-158
In base 14, what is 1579a0 - -1ac?
157b6c
In base 11, what is -91a931 - 1?
-91a932
In base 9, what is -7137573 + -3?
-7137576
In base 13, what is -3 - -45a8b6?
45a8b3
In base 12, what is -18706844 - 4?
-18706848
In base 9, what is -365013 - -138?
-364764
In base 6, what is 405004301 + -13?
405004244
In base 12, what is a35 - -2728?
3561
In base 13, what is -252612 + 46?
-252599
In base 14, what is 1845 + -3366?
-1921
In base 14, what is -13a3 + 182a?
467
In base 16, what is c - -afedb?
afee7
In base 5, what is -2 - -304431400?
304431343
In base 5, what is 3114 - -1110012320?
1110020434
In base 4, what is -22333 + -3030220?
-3113213
In base 11, what is -2039a8a0 - 2?
-2039a8a2
In base 15, what is -a + -13c293?
-13c29d
In base 13, what is -2bc98 + 2cc?
-2b999
In base 11, what is -1a753 + -883?
-20526
In base 9, what is 475335 - -15?
475351
In base 6, what is -4051 - 52103?
-100154
In base 3, what is -10110200112 - 11111220?
-10122012102
In base 5, what is -33334320112 - 3?
-33334320120
In base 13, what is -1 + 93c2274?
93c2273
In base 9, what is -4 + 65183015?
65183011
In base 7, what is 3524 - -13163?
20020
In base 5, what is -240440 - -13220?
-222220
In base 7, what is -1142421555 + 3?
-1142421552
In base 7, what is -2 + -2415512513?
-2415512515
In base 5, what is 124301 + 3031?
132332
In base 6, what is 2040 + -4132021?
-4125541
In base 13, what is -16704 + 19?
-166b8
In base 2, what is -111101010110001110010 - -10010001?
-111101010101111100001
In base 13, what is 66b + -1062?
-6c4
In base 2, what is -1011001 + 10010101000010100?
10010100110111011
In base 15, what is a - 15e619?
-15e60e
In base 11, what is -4a73666 - 5?
-4a73670
In base 7, what is -216 + 4013111?
4012562
In base 15, what is -4 + -1ba5334?
-1ba5338
In base 9, what is -105080863 + -5?
-105080868
In base 15, what is -1 + 55554?
55553
In base 5, what is -133112131343 - -10?
-133112131333
In base 9, what is -555 + -6252416?
-6253072
In base 5, what is -243013412 + -421?
-243014333
In base 10, what is -739 - 63923?
-64662
In base 4, what is -211 + 101012011?
101011200
In base 15, what is -3 - 2583749?
-258374c
In base 4, what is 122 - -3011030002103?
3011030002231
In base 15, what is 521 - -31398?
318b9
In base 15, what is -71c5ecc - 1?
-71c5ecd
In base 5, what is 2 - 10104302421?
-10104302414
In base 14, what is 239360a + -3?
2393607
In base 2, what is -10101110 - 1100010011110000101?
-1100010100000110011
In base 4, what is 1 - -12331113030000?
12331113030001
In base 15, what is -58ce + 1295?
-4639
In base 9, what is 1612 + -235645?
-234033
In base 8, what is 2100 - -613747?
616047
In base 2, what is 1 + -1000011110100001001110110111?
-1000011110100001001110110110
In base 7, what is -3 + -3154141516?
-3154141522
In base 16, what is -1 - 10ee4a2c?
-10ee4a2d
In base 4, what is 13110323032 - 100?
13110322332
In base 3, what is 11 - 11000222020021?
-11000222020010
In base 8, what is 0 + 34552525?
34552525
In base 3, what is -101002200 + -202120010?
-1010122210
In base 8, what is 1515076 - -16?
1515114
In base 15, what is -11 + 21017e?
21016d
In base 4, what is 102233033201001 + -11?
102233033200330
In base 6, what is -14354 - -214555?
200201
In base 12, what is -2404829 - 3?
-2404830
In base 3, what is -2222022 + 22110201?
12111102
In base 11, what is -28a3 - -9277?
6484
In base 12, what is 3b80a9 - a4?
3b8005
In base 6, what is 4 - -35103303400?
35103303404
In base 3, what is -1200120011201121211 - 1?
-1200120011201121212
In base 2, what is 11101001001000011010000110 - -11?
11101001001000011010001001
In base 12, what is 2494 + 826?
30ba
In base 5, what is 10424203040 - -11?
10424203101
In base 3, what is 1 - -11022121020002?
11022121020010
In base 7, what is -12566 - 336?
-13235
In base 7, what is -43415 + 26126?
-14256
In base 15, what is -139 + 5117?
4ecd
In base 14, what is -18 + 9b1d6a?
9b1d52
In base 13, what is 161287 - 2?
161285
In base 7, what is -2 - -1032220245?
1032220243
In base 10, what is -7 + 16226093?
16226086
In base 2, what is -101100110000000010110111 - 100?
-101100110000000010111011
In base 10, what is -21 - -7292219?
7292198
In base 3, what is 2 + -200121220000212?
-200121220000210
In base 9, what is -20854582 - 1?
-20854583
In base 4, what is -113 - 123221131233?
-123221132012
In base 4, what is 113 + 32000220102?
32000220221
In base 5, what is 20331 + 244031?
314412
In base 14, what is -9 - -114d13?
114d08
In base 3, 